- u - 88. What are the prime factors of r?
2, 11
Let l = 268 + -389. Let o = l - -63. Let c = o + 168. What are the prime factors of c?
2, 5, 11
Let k = -22 + 199. Suppose -q + k = -144. List the prime factors of q.
3, 107
Suppose 4*j = 2*p, -10*p + 13*p - 11 = -5*j. Let b(w) = 107*w**3 - 4*w**2 + 3*w - 5. What are the prime factors of b(p)?
29
Let f = 43 + -41. Suppose 0 = 5*l - 3*r - 1169, -f*l + 0*r + 468 = -r. Suppose 5*v - 4*b - 1203 = -b, 0 = v - 2*b - l. What are the prime factors of v?
3
Suppose -6 = a + 5*s, 2*s - 16 = -3*a - 2*a. Let k(d) = 3*d**3 - 8*d**2 - 8. What are the prime factors of k(a)?
2, 7
Let y = -19166 + 33684. List the prime factors of y.
2, 7, 17, 61
Suppose 19 = 5*j - 2*r, -1 = 2*j + 4*r + 1. Suppose -6*b + 3417 = 2*z - j*b, -3*z = 5*b - 5127. Suppose 5*g + 7*g = z. List the prime factors of g.
2, 71
Let k(n) be the first derivative of n**4/4 + 16*n**3/3 - 17*n**2/2 + 53*n - 5. List the prime factors of k(-16).
5, 13
Suppose 0 = -28*w + 42*w + 57302. Let j = -2068 - w. List the prime factors of j.
3, 5
Let a be 18/2*4/9. Suppose -7*x + 9*x + 2039 = 5*u, 3*x + 1634 = a*u. What are the prime factors of u?
11, 37
Suppose 974071 + 84348 = 50*c - 224981. List the prime factors of c.
2, 3, 23, 31
What are the prime factors of 2 - (-3 + -4802 + -1)?
2, 601
Let t(x) = 169*x**2 + 136*x - 635. What are the prime factors of t(5)?
2, 5, 7, 61
Let o = -2675 + 11806. List the prime factors of o.
23, 397
Let s = -5 - 67. Let a = 274 + s. What are the prime factors of a?
2, 101
Let b = -70 - -121. Suppose r - b = -49. What are the prime factors of (1/r)/(3/42)?
7
Let d = 19108 - 10840. List the prime factors of d.
2, 3, 13, 53
Let m(z) = -121*z - 43. Suppose 5*a - 23 = -58. What are the prime factors of m(a)?
2, 3, 67
Let k = 109 - 110. Let o(r) = r**2 - 13*r - 3. Let t be o(13). List the prime factors of (-59)/1*k - t.
2, 31
Let m be 5/(-10) - ((-99)/6 - 0). Suppose -m + 4 = -3*o. Suppose -r - 5*c + 0*c = -66, -o*c = 4*r - 296. What are the prime factors of r?
2, 19
Suppose 3*i + 8*i - 5115 = 0. List the prime factors of 40/60*i/2.
5, 31
Suppose 7*d + 770 = -7*d. List the prime factors of (164280/d)/(-6) - (-6)/33.
2, 3, 83
What are the prime factors of (-40804)/(-10) + (1/14 - (-7491)/(-15890))?
2, 3, 5, 17
List the prime factors of (-9)/(90/25)*2*-1109.
5, 1109
Let o(c) = 3*c**3 + 168*c**2 + 119*c + 29. List the prime factors of o(-54).
11, 1009
Let j(k) = 2*k**2 + 6*k + 8. Let l be j(-2). Suppose p - 4 = -6, l*m - p = 546. What are the prime factors of m?
2, 17
Suppose 3*r - 4*v - 105659 = 0, v + 153292 = 4*r + 12409. List the prime factors of r.
35221
Let a(t) = 10*t**2 + 2*t - 7. Let n be a(6). Let g = 212 - n. Let h = g - -292. What are the prime factors of h?
139
Let u = 10 - 6. Suppose -2*r - 4*v + 54 = 0, -2*r = -u*r - v + 45. Suppose -r*l - 405 = -26*l. List the prime factors of l.
3
Let y(b) = 10*b**2 - 154*b + 4718. What are the prime factors of y(72)?
2, 5, 4547
Let w(b) = 5*b - 29. Let h = -5 + 10. Let y be w(h). List the prime factors of (-1 + y)/(-2*(-2)/(-148)).
5, 37
Suppose -5*a = 16*t - 11*t - 35, -4*t + 35 = -3*a. Suppose 2*k = -t, k + 4680 = 5*l + 1096. List the prime factors of l.
2, 179
What are the prime factors of (5214 + 1)*84/56*(1 + 1)?
3, 5, 7, 149
Let s be (-166 - 1) + (-60)/15. Let h = s - -333. Let n = 233 - h. What are the prime factors of n?
71
Let d(c) be the second derivative of c**5/20 - 19*c**4/12 + 19*c**3/3 - 15*c**2/2 + 109*c. What are the prime factors of d(18)?
3, 5, 23
Let t = 126 - 196. Let s be t/(-28)*(-8)/(-5). Suppose -3*y = -5*k - 263, -s*y + k - 5*k + 340 = 0. What are the prime factors of y?
2, 43
Let v(j) = 3*j + 5*j + 2039 - 2051. Let x be (-1 - 4)*(-32)/10. List the prime factors of v(x).
2, 29
Suppose -3*v + 7*v = -6*v. Suppose 0 = -v*b - b + 268. List the prime factors of b.
2, 67
List the prime factors of -417*(-12 - (41 + 14)).
3, 67, 139
Let i = -43 - -71. Suppose -8*n - i + 132 = 0. Let a(t) = t**3 - 14*t**2 + 21*t - 16. List the prime factors of a(n).
2, 11
Suppose 25*t = -10*t + 245. Let m(h) = -2*h**2 + 11 - 3*h + 0*h + 3*h**2. List the prime factors of m(t).
3, 13
Let d be 300 - ((-2)/(-1) - 0). Suppose -3*c + 5*x = -0*c - d, 5*c - 4*x - 475 = 0. Let b = c - 62. What are the prime factors of b?
29
Let u(w) = 735*w - 2. Let o be u(5). Suppose 18*q - 12781 = -o. Suppose 0 = -7*g + q + 1349. List the prime factors of g.
5, 53
Let i(w) = -46*w**2 + 4*w + 14. Let y be i(-4). Let k = y + 1404. List the prime factors of k.
2, 3, 37
Let a(n) be the second derivative of -n**5/4 - n**4/6 + 5*n**3/6 + n**2 + 3*n. List the prime factors of a(-5).
2, 3, 23
Suppose -2*x - h + 4*h + 7 = 0, -11 = -4*x + 3*h. Suppose -7*v = w - 3*v - 41, -2*w - x*v + 52 = 0. Suppose w*g = 19*g + 166. List the prime factors of g.
83
Suppose -7855 - 21551 = -2*f + 12*c, -4*f = 3*c - 59001. List the prime factors of f.
3, 5, 983
Suppose 0 = 36*t - 41*t + 3415. Let h = -482 + t. What are the prime factors of h?
3, 67
Suppose 4*t - 2*j - 757 = 3*t, 3833 = 5*t + 2*j. Let x = -537 + t. What are the prime factors of x?
2, 3, 19
Let l = -4030 + 4356. List the prime factors of l.
2, 163
Suppose 426*q + 32400 = 446*q. List the prime factors of q.
2, 3, 5
Let a = 1252 - -12116. List the prime factors of a.
2, 3, 557
Suppose 5*n - 25 = 0, -t = 12*n - 15*n + 12. Suppose 5*m = -2*o + 1351, -t*m + 2684 = 4*o + m. List the prime factors of o.
2, 167
Let v(n) = -23*n - 130. Suppose 2*u + 68 = -4*t, 6*u = 3*t + u + 25. What are the prime factors of v(t)?
5, 43
Suppose 35 = n + 2*j, n - 5*n - 2*j = -134. Suppose -5*b - 2184 = -n*b. What are the prime factors of b?
2, 3, 13
Let d(v) = v**2 - 23*v - 38. Let w be d(25). Suppose 0 = m - w*m + 462. List the prime factors of m.
2, 3, 7
Let d(l) = 4*l**2 - 1. Let j be d(1). Suppose f = -j*i + 2044, 3*i + 5*f - 3180 + 1132 = 0. What are the prime factors of i?
3, 227
Suppose -271*l + 4*n + 35044 = -268*l, 5*n + 5 = 0. List the prime factors of l.
2, 5, 73
Suppose 98*w = 124*w - 6578. List the prime factors of w.
11, 23
Suppose -3540 = 23*o - 13*o. Let m = 408 + o. List the prime factors of m.
2, 3
Let f be (-8265)/12*(-56)/(-2 + 9). Suppose -f = -3*m + c, 5*m + 5*c + 9170 = 10*m. What are the prime factors of m?
2, 919
Let o(w) = -w**3 + 9*w**2 - w + 26. Let p be o(9). Suppose -p*h + 33440 = 2*h. What are the prime factors of h?
2, 5, 11
Suppose -6*f + 25 = 2*a - 11*f, -f = a - 2. Suppose -a*k + 2460 = 230. List the prime factors of k.
2, 223
Suppose 5*u + 14 = 3*y, -5*y = -9*y - 2*u + 36. Let c(j) = 62*j + 55. What are the prime factors of c(y)?
19, 29
Let t(l) = -l**2 - 36*l + 151. What are the prime factors of t(-26)?
3, 137
Let i be -2 + 8/(-24)*-6. Suppose i = h - 761 - 260. List the prime factors of h.
1021
Suppose -2975 = -17*b + 42*b. List the prime factors of (-112)/(-3 - 343/b).
2, 7, 17
Let u = 15161 - -5437. What are the prime factors of u?
2, 3, 3433
Suppose 51*w - 40*w + 11 = 0. List the prime factors of (82 - 83)/((w*2)/1428).
2, 3, 7, 17
Let z = -123 + 116. What are the prime factors of (-2350)/z + ((-95)/35 - -3)?
2, 3, 7
Suppose 19*d = 35*d - 80. Suppose 0 = -3*n + c - 0*c + 545, -d*n = -3*c - 903. List the prime factors of n.
3, 61
Let p be 3/6*(1904 + 4). Let q be 3/2 - p/(-4). Let c = q - 128. List the prime factors of c.
2, 7
Let b(p) = 9*p**2 + 95*p - 829. List the prime factors of b(-101).
5, 41, 397
Let z be 8/(-36) - (-29)/9 - -849. Suppose 7*u - 6*u - z = -2*j, -4*u - 1728 = -4*j. List the prime factors of j.
2, 107
What are the prime factors of (-208)/(-4056) + (-3137349)/(-117)?
5, 31, 173
Let s(x) = 101*x**2 + 63*x - 476. List the prime factors of s(10).
2, 3, 1709
Suppose -5*g + 70 = 55. Suppose -g*x - z - 70 = -267, -z - 272 = -4*x. List the prime factors of x.
67
Let h(z) = 391*z**3 - 56*z**2 + 157*z + 5. What are the prime factors of h(4)?
11, 2251
Let m = -20096 + 29177. List the prime factors of m.
3, 1009
Let v(q) = 6*q**2 + 9*q + 88. Suppose 243 + 461 = 44*y. List the prime factors of v(y).
2, 13, 17
Suppose -5*i + 0 = -v + 30, 5*v + 5*i = 0. Suppose -2*l + 6*l = 20, 0 = c + v*l - 309. What are the prime factors of c?
2, 71
Let o(k) = 3*k**2 + 32*k + 15. Let a(h) = h**2 + 11*h + 5. Let d(m) = 7*a(m) - 2*o(m). List the prime factors of 